mine o(a).
4
Let i(g) = -14*g**3 - 35*g**2 + g + 17. Let q(j) = -5*j**3 - 12*j**2 + 6. Let u(y) = 6*i(y) - 17*q(y). Determine u(4).
-8
Let j(g) = -2*g - 5*g**2 + 7 - 2*g + g + 15*g**3 - 14*g**3. Determine j(5).
-8
Let j(n) = 4*n**2 - 8. Let l(g) = -g**2 + g + 1. Let k(d) = j(d) + 5*l(d). Suppose 26 = 4*f - 38. Suppose -4*z + f = -0*z. Determine k(z).
1
Let h(m) = m**2 - 3*m + 1. Let l = 7 + -4. Calculate h(l).
1
Suppose q = 4*q. Let a(i) = i**2 + i + 3. Determine a(q).
3
Let x = 18 - 22. Let f(z) = -z**2 - 4*z - 5. Give f(x).
-5
Let n(f) = 3*f - 2. Let a(o) = 6*o - 3. Let q(y) = -3*a(y) + 5*n(y). What is q(-3)?
8
Let n(d) be the first derivative of d**3/3 + d**2/2 + 8*d - 2. Let i = -17 - -17. Give n(i).
8
Let x(z) = 5*z + 2 + 12*z - 25*z + z**2. Give x(4).
-14
Let c(r) = -r + 4. Suppose -j = 2*j - 2*q - 22, -2*j - 12 = 4*q. What is c(j)?
0
Let h be (-3)/(-1) + -5 + 5. Let f(y) be the first derivative of -h + 10 - y**2 - 4 - 2*y. Give f(-2).
2
Suppose -y + 0*a = -3*a + 20, -3*y = -4*a + 35. Let z(s) = s + 1. Let h(o) = -o**2 - 2*o - 1. Let f(r) = y*z(r) + h(r). Give f(-4).
6
Let n(r) = 3*r**2 + r. Suppose 18 = -4*k - 2*l, l = 2*l + 5. Let d be 6/3*(-1)/k. Give n(d).
4
Suppose -s = -3*a - 20, -5*s + 48 = -0*s - 2*a. Suppose -w - s = -2. Let i be w*(-3)/(-6) + -2. Let y(d) = -d**2 - 3*d + 1. What is y(i)?
-9
Let q(c) = c**2 - 4*c + 3. Let z be 9*(5 - (-42)/(-9)). Give q(z).
0
Let s = 48 + -43. Let h(u) = -u**2 + 4*u + 1. Give h(s).
-4
Let t(y) be the third derivative of y**5/60 + y**4/12 + y**3/2 + 2*y**2. Let m = -11 + 7. Let f be (-4 - -3)*(-1 - m). Calculate t(f).
6
Let k(s) = 2*s. Let o = 1 - 0. Suppose -2*b + o = j, 3*j = 3*b + 12 - 0. Let h be k(j). Let y(z) = -z**2 + 6*z + 7. What is y(h)?
7
Let l(f) be the second derivative of -f**5/60 + f**4/6 - f**3/6 + f**2/2 - 2*f. Let r(h) be the first derivative of l(h). Let u be 2 + 1*-4 + 5. Determine r(u).
2
Let u(r) = 2*r**2 - 4*r**2 - 3*r + 2*r. Let p be u(1). Let a(n) = -n**3 - 4*n**2 - 2*n + 1. Determine a(p).
-2
Let c(f) = -f + 1. Let h(g) = 7*g - 2. Let q(b) = 3*c(b) + h(b). What is q(3)?
13
Let u(p) = -2*p**2 - p + 1. Suppose 4*b - h = -0*h - 53, -40 = 5*b + 4*h. Let m = -14 - b. What is u(m)?
-5
Suppose 0 = -t + 3. Suppose t*b - 6 = b. Suppose b = -2*f + 5*w - 3, 0 = -4*w + 8. Let y(j) = -j + 1. Determine y(f).
-1
Let c(n) = -4*n. Let o(p) = 4*p. Let j(h) = -4*c(h) - 5*o(h). Determine j(1).
-4
Let y(b) = 7*b**2 + 10*b - 3. Let o(s) = -6*s**2 - 9*s + 2. Let z(f) = -6*o(f) - 5*y(f). Calculate z(-4).
3
Let s = 3 - -1. Suppose -k + 0*k + 1 = 0. Let h(y) = 1 - 2 - k - y. Calculate h(s).
-6
Let x(u) = u**3 - 5*u**2 + 5*u + 3. Suppose -4*s + s + 12 = 0. Give x(s).
7
Let u(p) be the third derivative of -p**8/5040 + p**5/60 + p**2. Let i(v) be the third derivative of u(v). Determine i(-1).
-4
Suppose x = 3 - 4. Let u(l) = -l - 1. Let w be u(x). Let v(y) = -y**3 + y**2 + y - 2. Determine v(w).
-2
Let k be -6 - 0 - -4 - -2. Let q(p) = p**2 + 0*p + k - p + 0*p**2 + 1. Calculate q(1).
1
Let z = -5 + 7. Let k(i) be the second derivative of i**5/20 - i**4/4 + i**3/6 - i**2/2 - i. Determine k(z).
-3
Let n be ((2 + -1)*-6)/1. Let j(z) be the second derivative of z**4/12 + 5*z**3/6 - z**2/2 + 2*z. Calculate j(n).
5
Let z(w) = -w**3 + 7*w**2 - 4*w - 5. Let n(u) = 2*u**3 - 15*u**2 + 9*u + 11. Let b(g) = -4*n(g) - 9*z(g). Determine b(1).
-1
Let k = -2 + 3. Let x(r) = -r - 3. Let c be x(-4). Let q(w) = c + 4*w - 2 + 2. Calculate q(k).
5
Suppose a = 1 + 1. Let z(s) = -4 - 1 - 3*s + 3 - 2 + s**a. Determine z(5).
6
Let o(r) be the third derivative of -r**6/120 - r**5/15 - r**4/8 - r**3/2 + r**2. Give o(-3).
-3
Let m(l) = -5 - 6*l**2 + 7 + 6*l**2 + 3*l - l**2. What is m(4)?
-2
Let l(o) be the third derivative of o**4/24 + 3*o**3/2 - 8*o**2. What is l(0)?
9
Suppose 9*h - 4*h - 15 = 0. Let z(b) = 2*b - 2*b**2 - 4 + 3*b**2 - h*b. Calculate z(-3).
8
Suppose 0 = -2*q + 3*n + 28, 0 = -2*q - 0*q + 4*n + 32. Let k = 3 - q. Let s(w) = -4*w - 4. Let d(m) = -5*m - 5. Let l(c) = -3*d(c) + 4*s(c). What is l(k)?
4
Let s(k) be the first derivative of -k**3/3 - 2*k**2 - 6*k - 5. Give s(-5).
-11
Let d(u) = 3*u + 5*u + 0*u + u**2 + 7 - 1. Give d(-6).
-6
Let u(o) = 2*o - 1. Let t(b) = -b**3 + 8*b**2 + b - 6. Let w be t(8). Suppose w*g + 0 = 4*x + 8, 5*g - x - 11 = 0. Let s = g + -4. Calculate u(s).
-5
Let i(n) = -n**2 + n + 4. Suppose 0 = -6*t + 3*t. Calculate i(t).
4
Let b(g) be the second derivative of -g**5/60 - g**2 - g. Let u(l) be the first derivative of b(l). Suppose -4*t = v + 1, 7*v - 19 = 2*v + 4*t. What is u(v)?
-9
Let z(v) = 12*v**3 + v**2 - 3*v + 3. Let i(p) = -35*p**3 - 3*p**2 + 8*p - 8. Let a(c) = 4*i(c) + 11*z(c). Give a(1).
-9
Let g(q) = -3 + 1 + q + 3 + 9. Let f(j) = -9. Let p(n) = -6*f(n) - 5*g(n). Determine p(3).
-11
Let i(z) = 2*z - 8. Let q(t) = t**3 + 7*t**2 - 2*t - 8. Let c be q(-7). Determine i(c).
4
Let d(w) = 3*w**3 - 4*w**2 + 1. Let u(a) = -a**3 + a. Let n(h) = d(h) + 2*u(h). Let y(l) = -l**3 - 10*l**2 + 2. Let b be y(-10). Calculate n(b).
-3
Let r(w) = 1 + 2*w + 1 - w - 2*w. What is r(-4)?
6
Let s = 5 - 8. Let w be (1/(-2))/(s/12). Let z(b) = -b**3 + 2*b**2 - b + 2. Calculate z(w).
0
Let d(b) = -262*b - 1 + 262*b + 18*b**2. Calculate d(-1).
17
Let t = 66 - 70. Let y(d) = d**2 + 5*d - 1. Determine y(t).
-5
Suppose -o - 2*o = -2*h + 39, h = 5*o + 37. Let j = 18 - 15. Suppose -l = j*l + h. Let c(w) = w**2 + w - 3. Give c(l).
3
Suppose 2*x + 2*x = 12. Suppose x*l - 16 + 0 = -5*v, -3*l - v + 8 = 0. Let b = -2 - l. Let r(o) = o**3 + 3*o**2 - 4*o + 4. What is r(b)?
4
Let d be (3 - 2) + 8/(-2). Let w(j) = -4*j**3 - j**2 - 3*j - 4. Let u(x) = 7*x**3 + 3*x**2 + 6*x + 8. Let v(n) = 3*u(n) + 5*w(n). Determine v(d).
4
Let b(l) be the second derivative of l**4/12 - l**3/6 + 3*l**2/2 - l. Give b(0).
3
Let o(h) = -7*h + 2. Let z(v) = v. Let k(d) = o(d) + 5*z(d). Let q = -14 + -10. Let l be q/14 + 8/(-28). Determine k(l).
6
Let o(j) be the second derivative of 5/12*j**4 + 1/20*j**5 - 5/6*j**3 + 3/2*j**2 + 0 + 8*j. Determine o(-6).
-3
Let z(m) = m**2 + 11*m - 3. Let w(n) = n**2 + 12*n - 3. Let v(b) = -6*w(b) + 7*z(b). Give v(-5).
-3
Let l(t) = -t + 3. Let z = -29 - -17. Let n = -15 - z. Calculate l(n).
6
Let i = 6 + -1. Suppose -2*w - 18 = -f + i*f, 5*f + 21 = -w. Let n(b) = -b - 1. Give n(w).
0
Let j(a) = -a - 4. Suppose 2*g - 3*i + 1 = -8, 0 = -5*g + 5*i - 15. Calculate j(g).
-4
Let j(f) = -6*f**2 + 2*f - 7. Let o(n) = -5*n**2 + 3*n - 6. Let i(v) = -4*j(v) + 5*o(v). What is i(5)?
8
Let q(a) = 3*a - 3*a + 5*a**2 - 1. Let b = 8 + -6. Suppose -5*k = 4*p - 13, 9 = k + 2*p + b*p. What is q(k)?
4
Let z(w) = 5*w. Suppose 4*m + 25 = -5*g, -2*g - 5*m - 3 = 24. Determine z(g).
-5
Suppose 6 = -3*z - 6. Let p(u) = -2*u - 1. Let c be p(-1). Let x = c - z. Let m(h) = h**2 - 4*h - 4. Determine m(x).
1
Let k(b) be the third derivative of -b**6/120 + b**5/12 + b**4/6 + 5*b**3/6 + 7*b**2. What is k(6)?
-7
Let p(t) = t**3 + t**2 - t - 5. Let h be 22/2 + -2 + 1. Let v be 7 - 1/2*-6. Let o = v - h. What is p(o)?
-5
Let d(x) = x - 4 + 5 + 4. Calculate d(-6).
-1
Suppose -d - 1 = 5*n - 16, 3*n + 5*d - 31 = 0. Suppose -p - 24 = -c - 6*p, 12 = c + n*p. Let v(a) = a**3 - 6*a**2 + 6*a. Calculate v(c).
-8
Suppose -2 = 2*w - 3*w. Let v = 1 + w. Let a(s) = s**2 - 2*s**3 - 4*s + 1 - 2 + 3*s**v + 0*s**2. Calculate a(-3).
-7
Let q(u) = -u**2 - 13*u - 7. Let v be q(-12). Let s(o) be the second derivative of 1/3*o**3 - o**2 + 1/6*o**4 + 0 + 2*o + 1/20*o**v. Give s(-2).
-6
Let a(b) = 85*b**2 - 3 - 164*b**2 - 4*b + b**3 + 83*b**2 + 5*b. Determine a(-4).
-7
Let l(y) be the first derivative of y**4/4 + 2*y**3 - y**2/2 - 6*y + 2. Suppose 2*b + 8 = 2*r - 4*r, 2*r - b = -14. Determine l(r).
0
Let b(z) = 7*z**3 - 6*z**2 - 13. Let u(n) = n**3 - n - 2. Let i(y) = b(y) - 6*u(y). What is i(4)?
-9
Let t(i) = -3*i**3 + 11*i**2 + 5*i - 8. Let r(o) = -5*o**3 + 21*o**2 + 10*o - 15. Let y(n) = -4*r(n) + 7*t(n). Give y(-5).
-21
Let l(j) = j - 5. Suppose -h - 5*g = -24, -3*h + 2*g + 3*g - 8 = 0. What is l(h)?
-1
Suppose -2*a + 7*a = 15. Let m(y) = 2*y**2 - a*y**2 + 2*y + 3 - 5*y. Let d = 3 - 1. What is m(d)?
-7
Suppose 3*x = -4*r + 4*x - 30, 4*r = -x - 34. Let u = r + 5. Let z(t) = t + 2. Let a be z(u). Let k(s) = s + 1. What is k(a)?
0
Let v(g) = -g**2 + g + 2. Suppos